b)?
3
Suppose -4 = k + 3*k. Suppose -4*u = -14*u + 60. Let j(o) = u*o - 33*o + 10*o + 15*o. Determine j(k).
2
Suppose 80 - 86 = 3*y. Let d(m) = m**3 + m**2 + m - 1. Let f(j) = 6*j**3 + 6*j**2 + 5*j - 6. Let q(l) = 11*d(l) - 2*f(l). Determine q(y).
3
Let v(r) be the third derivative of r**5/120 - 5*r**4/24 - 13*r**3/6 - 16*r**2. Let x(a) be the first derivative of v(a). Calculate x(0).
-5
Let i(b) = -b**3 + 4*b**2 + 2*b - 2. Let g(w) = w**2 - 58*w - 530. Let c be g(-8). Give i(c).
18
Let j(u) = u**3 + 5*u**2 - 6*u + 2. Let o be (5/(-5))/(-1) + 3. Suppose o*n = n + 9. Let a(f) = -f**2 + 3. Let d be a(n). Calculate j(d).
2
Suppose -4*f + 5 - 2 = -3*t, 6 = -2*f + 4*t. Suppose -f*c = -2 - 4. Let q(b) = 3*b + 2 + 4*b - 12*b + c*b. Calculate q(2).
-4
Let g(s) = 4*s**2 + 4*s + 1. Let a(m) = 5*m**2 + 4*m. Let h(q) = 3*a(q) - 4*g(q). What is h(-6)?
-16
Let h(l) = 6*l**2 + 12*l + 4. Let b(m) = 7*m**2 + 14*m + 4. Let s(x) = -5*b(x) + 6*h(x). Give s(0).
4
Suppose -12 = -5*o - 2. Let n(z) be the first derivative of 0*z + 1/4*z**4 - 2*z**3 - 3 + 3/2*z**o. Calculate n(2).
-10
Let w(z) = z**2 + 2*z + 0*z**2 + 0*z + 4 + 3*z - z. Determine w(-8).
36
Let z = -30 + 33. Suppose z*y + 1 - 4 = 3*l, -y + 4*l + 16 = 0. Let r(a) = a**2 + 4*a + 1. Calculate r(y).
1
Let j(n) be the first derivative of n**4/4 + 2*n**3 - 3*n**2 - 10*n + 302. What is j(-7)?
-17
Let v be 3/(2*1/(-4)). Let s(b) = -13*b**2 - 16*b**2 + 50*b**2 + 7*b - 20*b**2. Give s(v).
-6
Let s(a) = 23 + 0 - 14 - 12 + 3*a + a**2. Let v(h) = -h**3 + 7*h**2 - h + 3. Let y be v(7). Calculate s(y).
1
Let l(k) be the third derivative of -k**4/6 - 4*k**3/3 + 22*k**2. Calculate l(-4).
8
Let d(l) = -9 - 9*l**2 - l + 3 + 10*l**2. Give d(-3).
6
Suppose -134 = -3*d - 2*p, -3*p + 162 = 5*d - 60. Let w(i) = -52 + i**2 + d + 5*i + i. Give w(-8).
6
Let p(j) be the third derivative of -j**4/12 + j**3 - 12*j**2 + 2. Calculate p(9).
-12
Let w(h) = h - 1. Let z = 430 + -419. Give w(z).
10
Let p(i) = -i**3 - 6*i**2 + 9*i - 7. Suppose -14*c + 12*c = -22. Suppose -c*k - 5*k = 112. What is p(k)?
-21
Let j(l) = -l**2 - 5*l - 3. Suppose 0 = 5*f + 3*n - 10, 1 = -f - 3*n + 3. Suppose -2 = -f*q, 0 = -2*r - q + 2 - 1. Suppose r = -w - 0*w - 2. Calculate j(w).
3
Suppose -3*q - 4 = -5*y, -y + 2*y + 8 = 5*q. Let u(k) = -20 + k**y + k + 31 - 2*k**2 + 7*k. Calculate u(8).
11
Let f(g) = g**2 + 6*g - 2. Let b = -127 + 79. Let l be 0 - 0 - b/(-8). What is f(l)?
-2
Suppose -12 = 44*d - 48*d. Let h(v) = -v**2 + 0*v**d - v**3 + 2 - 1 + 4*v**3. Calculate h(1).
3
Let c(h) be the third derivative of -9*h**2 - 5/24*h**4 + 1/2*h**3 + 0 + 0*h. Determine c(3).
-12
Let j(c) = 4*c**2 + 4*c - 8. Let f(w) = w**2 - 1. Let a(b) = 5*f(b) - j(b). What is a(2)?
-1
Let s(q) = q**2 + 4*q + 4. Let i(w) = w**3 + 7*w**2 - 7*w + 14. Let m be i(-8). Suppose m*d + 9 = -9. Give s(d).
1
Let i be (-2)/5 - 46/10. Let v(g) = 2*g**2 + 8*g + 3. Determine v(i).
13
Let w(g) = g + 8. Suppose 4*d + 22 = 3*y, 3*y - 14 + 16 = -2*d. Give w(d).
4
Let w(u) = u**3 + 14*u**2 + 7*u - 16. Let q(g) = g**3 + 15*g**2 + 7*g - 18. Let n(h) = -4*q(h) + 5*w(h). What is n(-9)?
10
Let o(v) be the first derivative of -v**4/4 - v**3 + 5*v**2/2 + 4*v - 452. Let t = -5 - 6. Let f = t + 7. Determine o(f).
0
Let o(u) = 18*u - 4. Let q(z) = 12*z - 3. Let h(y) = 5*o(y) - 7*q(y). Let b(p) = p**2 - 9*p + 10. Let t be b(8). Give h(t).
13
Let t(s) = 10*s**2 - 9*s + 6. Let w be t(4). Let i = w + -134. Let x(u) = u**3 - 3*u + 0*u**2 - 2*u**3 - 6*u**2 + 3. What is x(i)?
-17
Let i(q) = 6*q - 5. Suppose 2*j = 3*j - 10. Let g(c) = -j - 2 + 11*c + 3. Let n(b) = -3*g(b) + 5*i(b). Give n(2).
-4
Let z(v) be the second derivative of v**3/6 - 23*v**2/2 + 277*v. What is z(20)?
-3
Let l(p) be the first derivative of -p**3/3 + 19*p**2/2 - 15*p - 293. Give l(18).
3
Let w(p) = 6*p**3 - 36*p**2 - 19*p - 52. Let m(k) = -k**3 + 7*k**2 + 4*k + 10. Let z(d) = -11*m(d) - 2*w(d). Determine z(-4).
2
Let u(d) = -d**3 + 8*d**2 - 3*d + 10. Let r be 6 + (-4 - -7) - 1. Calculate u(r).
-14
Let p(t) = -6*t - 1. Let h(x) = -5*x - 100. Let b be h(-19). What is p(b)?
29
Let o = 74 - 68. Suppose 0 = -11*d + o*d + 20. Let m(q) = 7*q - 9. Let h(u) = 6*u - 8. Let k(r) = -3*h(r) + 2*m(r). What is k(d)?
-10
Let a(l) = l**3 + 7*l**2 + 4*l - 7. Let w be a(-6). Let v(u) be the third derivative of 1/60*u**5 + 5*u**2 + 0*u + 0 - 1/2*u**3 - 1/4*u**4. What is v(w)?
-8
Let u(o) = -3*o + 25. Let p be (-5 - (-187)/44)*88/(-6). Determine u(p).
-8
Let q(k) = -4*k**2 - 2*k - 5. Let n(c) = 12*c**2 + 6*c + 13. Let g(i) = 4*n(i) + 11*q(i). Determine g(3).
39
Let f(x) = -32*x**2 + 16*x - 25. Let g(s) = -6*s**2 + 3*s - 5. Let u(z) = 2*f(z) - 11*g(z). Determine u(2).
11
Let x(i) = -2 + 1 + 719*i - 716*i + 14. Give x(-11).
-20
Let b(m) = 2*m**2 - m**3 + 0*m**2 - 9*m**2. Let l be b(-7). Let g(r) = -r**3 + 3*r + 0*r**2 + 0*r**3 + 1 + l*r**3 - r**2. Calculate g(-2).
-1
Let i(p) be the second derivative of -p**7/2520 - p**6/360 - p**5/30 + p**4/12 + p. Let q(d) be the third derivative of i(d). Let m = 51 - 54. Give q(m).
-7
Let o(l) = -l**2 - 2*l + l**3 + 0*l - 2*l**3 - 3. Suppose 3*b = v + 4*v + 225, v + b + 45 = 0. Let w = v + 43. Calculate o(w).
5
Suppose -6*y + 3*y = -9. Let x(u) = 1 + 6*u + 1 + 4 - u**y - 3 + 4*u**2. Give x(5).
8
Let d be (3 - 3) + 6 - 0. Let s(x) = -2*x + 5. Calculate s(d).
-7
Let b(m) be the first derivative of -m**4/4 + 8*m**3/3 + 3*m**2/2 - 19*m - 92. What is b(8)?
5
Let r = 9 - 4. Let c(j) be the third derivative of 1/24*j**4 - j**2 + 0 - 7/6*j**3 + 0*j. Calculate c(r).
-2
Let k(y) = -y**2 + y - 6. Let a(h) = h**2 + 28*h. Suppose -r - 26 = -2*w, -4*r + 5*w - 6*w = 113. Let g be a(r). Give k(g).
-6
Let y(o) = -3*o + 4. Let c(h) = -h**2 - 10*h - 5. Let n be c(-9). Suppose -j = n*j - 30. Suppose 2*u - 4*u + j = 0. Calculate y(u).
-5
Suppose 4*c = v + 7, -4 = -c - 3*c + 4*v. Suppose 8 + 8 = -c*i. Let q(b) = b**2 + 8*b - 7. Calculate q(i).
-7
Suppose -3*p - 3*z - 10 = 2*p, 0 = -3*p - 5*z - 6. Let a be 1 + (-5 - p)/(-3). Let n(w) = 2*w - 6*w + 4*w - 4*w**a - w. Determine n(-1).
-3
Let k(t) = -27*t - 33. Let m(q) = 14*q + 19. Let y(n) = -4*k(n) - 7*m(n). Calculate y(-1).
-11
Let l = 101 - 97. Let c be 32/18 - (-8)/36. Let m(u) = 0*u - 2*u + u + c. Calculate m(l).
-2
Let d(w) be the third derivative of -w**6/120 - w**5/12 + w**4/4 - 7*w**3/6 - 39*w**2. Give d(-6).
-7
Let z = -58 + 52. Let b(a) = 2*a + 13. Calculate b(z).
1
Let h = -79 - -77. Let f be h/4*1*(-22)/11. Let j(v) be the first derivative of v**3 - 1. Determine j(f).
3
Let u be 10 - (-6)/(-2) - 4. Let y(s) = -4*s**u + 4*s**2 - s + 5*s**3 - 6*s**2. Suppose 2*n = 3*x - 2, -n - 4*n = 4*x - 18. What is y(n)?
-2
Let i = -26 - -30. Let l(a) = -2 + 6 + a**2 + a + a**3 + 6*a**2 - i*a**2. What is l(-3)?
1
Let x(j) = j**2 + 3*j + 1. Let s(u) = 5*u**2 + 13*u + 4. Let g be 6/((-14)/(-6) + -3). Let n(l) = g*x(l) + 2*s(l). Let m = -5 + 3. What is n(m)?
5
Let i(q) = -2 - 12*q + q**2 + 4*q + 12. Let h(l) = -3*l + 43. Let m be h(12). Calculate i(m).
3
Let d(w) = 2*w + 12. Suppose 7 = 2*b - 4*q + 43, 0 = 4*b + 5*q + 7. What is d(b)?
-4
Let u be 0 - ((-4 - -4) + -8). Let a be u/36 - (-137)/(-9). Let r be 28/(-7)*a/(-12). Let k(z) = -z**3 - 4*z**2 + 4*z - 2. What is k(r)?
3
Suppose 5*r = -2*s + 16, -5*s + 4*r - 6 = -13. Let y(f) be the first derivative of f**3/3 - 2*f**2 + 2*f + 2. Give y(s).
-1
Let r(h) = 6*h**2 + 22*h**2 - 2*h - 6*h**2 + 5*h**2 - 1. What is r(-1)?
28
Suppose g - n - 2*n = 1, 2*g = -3*n + 29. Let c(w) = g + 3 - 160*w + 161*w. Determine c(-7).
6
Let l(y) be the third derivative of 7*y**6/120 + y**5/60 - y**4/24 - y**3/6 - 25*y**2 - 2. Determine l(-1).
-6
Let w(c) = 2*c**2 - 3*c**3 + 2*c**3 + 4*c**2 + c + 7. Suppose 20*j + 51 - 171 = 0. Determine w(j).
13
Let o(v) = 26*v + 83. Let c(f) = -8*f - 25. Let x(j) = 7*c(j) + 2*o(j). Suppose 3*q - z = -q - 24, -3*q - 4*z = 37. What is x(q)?
19
Let z(w) be the first derivative of w**4/4 - 10*w**3/3 - 3*w**2/2 + 23*w - 526. Calculate z(10).
-7
Let g(v) = -v**3 + 2*v**2 + v + 3. Suppose 11*j - 15 = 6*j. Let h be g(j). Let d(k) = -k**2 - 5*k - 3. Give d(h).
3
Suppose 5*k = k + 16. Suppose k = i, 3*r + 0*r = 5*i + 19. Let l(d) = -19*d**3 + d**2 + r*d**3 + 0*d**2. What is l(1)?
-5
Let d be -11 + (-212)/265 + 24/5. Let k(p) = -2*p**2 - 18*p - 14. Give k(d).
14
L